{"id":280,"date":"2024-06-04T17:47:23","date_gmt":"2024-06-04T15:47:23","guid":{"rendered":"https:\/\/philgoodnrj.com\/?page_id=280"},"modified":"2025-03-28T11:24:18","modified_gmt":"2025-03-28T10:24:18","slug":"atelier-de-prevention-des-tms","status":"publish","type":"page","link":"https:\/\/philgoodnrj.com\/index.php\/atelier-de-prevention-des-tms\/","title":{"rendered":"Atelier de pr\u00e9vention des TMS"},"content":{"rendered":"\n<p>Lors de ces ateliers les participants seront familiaris\u00e9s aux troubles musculosquelettiques les plus fr\u00e9quemment rencontr\u00e9s en entreprise et apprendront \u00e0 \u00e9viter leur apparition.<\/p>\n\n\n\n<p>Ils apprendront \u00e0 effectuer des <strong>respirations<\/strong>, des <strong>postures <\/strong>et des <strong>mouvements doux <\/strong>bas\u00e9s sur des techniques de Taiji et de QI Gong.<\/p>\n\n\n\n<p>A la fin de la demi-journ\u00e9e ils seront \u00e0-m\u00eame d&rsquo;utiliser ces diff\u00e9rentes techniques en toute autonomie et en toute s\u00e9curit\u00e9.<\/p>\n\n\n\n<p>Aisni cet atelier s&rsquo;inscrit parfaitement dans la d\u00e9marche d&rsquo;am\u00e9lioration de la Qualit\u00e9 de Vie au Travail (QVT) de l&rsquo;entreprise. <\/p>\n\n\n\n<p><\/p>\n\n\n\n<p>Dur\u00e9e : 3h30<\/p>\n\n\n\n<p><\/p>\n\n\n\n<p>Pour plus d&rsquo;information n&rsquo;h\u00e9sitez pas \u00e0 <a href=\"https:\/\/philgoodnrj.com\/index.php\/prendre-rendez-vous\/\" data-type=\"page\" data-id=\"65\">me contacter<\/a>.<\/p>\n\n\n\n<p><\/p>\n\n\n\n<p><a href=\"https:\/\/philgoodnrj.com\/index.php\/soins-proposes\/\" data-type=\"page\" data-id=\"62\">Retour<\/a><\/p>\n","protected":false},"excerpt":{"rendered":"<p>Lors de ces ateliers les participants seront familiaris\u00e9s aux troubles musculosquelettiques les plus fr\u00e9quemment rencontr\u00e9s en entreprise et apprendront \u00e0 \u00e9viter leur apparition. Ils apprendront \u00e0 effectuer des respirations, des postures et des mouvements doux bas\u00e9s sur des techniques de Taiji et de QI Gong. A la fin de la demi-journ\u00e9e ils seront \u00e0-m\u00eame d&rsquo;utiliser [&hellip;]<\/p>\n","protected":false},"author":1,"featured_media":0,"parent":0,"menu_order":0,"comment_status":"closed","ping_status":"closed","template":"","meta":{"om_disable_all_campaigns":false,"_monsterinsights_skip_tracking":false,"_monsterinsights_sitenote_active":false,"_monsterinsights_sitenote_note":"","_monsterinsights_sitenote_category":0,"_uf_show_specific_survey":0,"_uf_disable_surveys":false,"footnotes":""},"class_list":["post-280","page","type-page","status-publish","hentry"],"aioseo_notices":[],"_links":{"self":[{"href":"https:\/\/philgoodnrj.com\/index.php\/wp-json\/wp\/v2\/pages\/280","targetHints":{"allow":["GET"]}}],"collection":[{"href":"https:\/\/philgoodnrj.com\/index.php\/wp-json\/wp\/v2\/pages"}],"about":[{"href":"https:\/\/philgoodnrj.com\/index.php\/wp-json\/wp\/v2\/types\/page"}],"author":[{"embeddable":true,"href":"https:\/\/philgoodnrj.com\/index.php\/wp-json\/wp\/v2\/users\/1"}],"replies":[{"embeddable":true,"href":"https:\/\/philgoodnrj.com\/index.php\/wp-json\/wp\/v2\/comments?post=280"}],"version-history":[{"count":8,"href":"https:\/\/philgoodnrj.com\/index.php\/wp-json\/wp\/v2\/pages\/280\/revisions"}],"predecessor-version":[{"id":893,"href":"https:\/\/philgoodnrj.com\/index.php\/wp-json\/wp\/v2\/pages\/280\/revisions\/893"}],"wp:attachment":[{"href":"https:\/\/philgoodnrj.com\/index.php\/wp-json\/wp\/v2\/media?parent=280"}],"curies":[{"name":"wp","href":"https:\/\/api.w.org\/{rel}","templated":true}]}}