{"id":577,"date":"2024-12-14T17:35:35","date_gmt":"2024-12-14T16:35:35","guid":{"rendered":"https:\/\/philgoodnrj.com\/?page_id=577"},"modified":"2025-03-12T10:44:44","modified_gmt":"2025-03-12T09:44:44","slug":"bilan-cellulaire-et-nutritionnel","status":"publish","type":"page","link":"https:\/\/philgoodnrj.com\/index.php\/bilan-cellulaire-et-nutritionnel\/","title":{"rendered":"Bilan cellulaire et nutritionnel"},"content":{"rendered":"\n<p><\/p>\n\n\n\n<p><\/p>\n\n\n\n<p>Form\u00e9 aupr\u00e8s du laboratoire <a href=\"https:\/\/www.nutergia.com\/fr\/fr\" title=\"NUTERGIA \">NUTERGIA <\/a>\u00e0 la Nutrition Cellulaire Active\u00ae, je vous propose de r\u00e9aliser un bilan cellulaire et nutrionnel afin de d\u00e9terminer les \u00e9ventuels d\u00e9s\u00e9quilibres dans votre corps.<\/p>\n\n\n\n<p><\/p>\n\n\n\n<p>Ce bilan est enti\u00e8rement gratuit et ne vous engage \u00e0 rien. De mon c\u00f4t\u00e9 je tiens \u00e0 pr\u00e9ciser que je n&rsquo;ai aucun int\u00e9r\u00eat financier avec le laboratoire NUTERGIA, mais force est de reconna\u00eetre que leurs produits, fabriqu\u00e9s en France, sont de tr\u00e8s haute qualit\u00e9.<\/p>\n\n\n\n<p><\/p>\n\n\n\n<p>Pour r\u00e9aliser ce bilan, NUTERGIA a d\u00e9velopp\u00e9 le \u00ab\u00a0<a href=\"https:\/\/www.nutergia.com\/fr\/fr\/profil-sante-micronutrition\" title=\"Profil Sant\u00e9 Micronutrition (ou PSM)\">Profil Sant\u00e9 Micronutrition (ou PSM)<\/a>\u00ab\u00a0: ce dernier offre une vision d\u2019ensemble de votre \u00e9tat de sant\u00e9 et de vos fragilit\u00e9s \u00e9ventuelles.<\/p>\n\n\n\n<p><\/p>\n\n\n\n<p>R\u00e9alis\u00e9 avec un professionnel de sant\u00e9, il permet de d\u00e9terminer vos facteurs d\u2019\u00e9quilibre et de bien-\u00eatre.<\/p>\n\n\n\n<p>Il est bas\u00e9 sur une analyse des besoins sp\u00e9cifiques de l\u2019organisme en nutriments et micronutriments (acides gras, oligo\u00e9l\u00e9ments, antioxydants, vitamines, etc.) li\u00e9s au mode de vie, \u00e0 l\u2019environnement et aux d\u00e9s\u00e9quilibres alimentaires.<\/p>\n\n\n\n<div class=\"wp-block-columns is-layout-flex wp-container-core-columns-is-layout-9d6595d7 wp-block-columns-is-layout-flex\">\n<div class=\"wp-block-column is-layout-flow wp-block-column-is-layout-flow\">\n<figure class=\"wp-block-image size-large\"><img loading=\"lazy\" decoding=\"async\" width=\"1024\" height=\"672\" src=\"https:\/\/philgoodnrj.com\/wp-content\/uploads\/2025\/02\/chanbio-1024x672.webp\" alt=\"\" class=\"wp-image-733\" srcset=\"https:\/\/philgoodnrj.com\/wp-content\/uploads\/2025\/02\/chanbio-1024x672.webp 1024w, https:\/\/philgoodnrj.com\/wp-content\/uploads\/2025\/02\/chanbio-300x197.webp 300w, https:\/\/philgoodnrj.com\/wp-content\/uploads\/2025\/02\/chanbio-768x504.webp 768w, https:\/\/philgoodnrj.com\/wp-content\/uploads\/2025\/02\/chanbio.webp 1408w\" sizes=\"auto, (max-width: 1024px) 100vw, 1024px\" \/><\/figure>\n<\/div>\n\n\n\n<div class=\"wp-block-column is-layout-flow wp-block-column-is-layout-flow\">\n<p><\/p>\n\n\n\n<p><\/p>\n\n\n\n<p><\/p>\n\n\n\n<p><\/p>\n\n\n\n<p><\/p>\n\n\n\n<p>Cette approche est le fruit de 20 ann\u00e9es d\u2019expertise et de milliers de Profil Sant\u00e9 Micronutrition\u00ae r\u00e9alis\u00e9s. <\/p>\n\n\n\n<p>Elle s\u2019appuie sur 7 terrains bionutritionnels : <strong>C.H.A.N.B.I.O\u00ae<\/strong>. Chaque terrain repr\u00e9sente des d\u00e9ficits ou des exc\u00e8s li\u00e9s \u00e0 des d\u00e9s\u00e9quilibres de votre organisme. L\u2019interpr\u00e9tation de vos r\u00e9ponses au questionnaire permettent de d\u00e9finir votre terrain dominant.<\/p>\n<\/div>\n<\/div>\n\n\n\n<p><\/p>\n\n\n\n<p><\/p>\n\n\n\n<p><strong><mark style=\"background-color:rgba(0, 0, 0, 0)\" class=\"has-inline-color has-vivid-red-color\">Les avantages du PSM : <\/mark><\/strong><\/p>\n\n\n\n<div class=\"wp-block-group is-layout-grid wp-container-core-group-is-layout-9649a0d9 wp-block-group-is-layout-grid\">\n<div class=\"wp-block-group is-layout-grid wp-container-core-group-is-layout-9649a0d9 wp-block-group-is-layout-grid\">\n<p><\/p>\n<\/div>\n<\/div>\n\n\n\n<ul class=\"wp-block-list\">\n<li>Un bilan bionutritionnel rapide et innovant<\/li>\n\n\n\n<li>Un accompagnement personnalis\u00e9 avec des produits de qualit\u00e9 NUTERGIA<\/li>\n\n\n\n<li>Le soutien dans la d\u00e9marche d&rsquo;un professionnel form\u00e9 \u00e0 la Nutrition Cellulaire Active\u00ae<\/li>\n\n\n\n<li>La synergie entre conseils nutritionnels et compl\u00e9ments alimentaires<\/li>\n<\/ul>\n\n\n\n<p><\/p>\n\n\n\n<p><a href=\"https:\/\/philgoodnrj.com\/index.php\/energie-equilibre-bien-etre\/soins-energetiques\/\" data-type=\"link\" data-id=\"https:\/\/philgoodnrj.com\/index.php\/energie-equilibre-bien-etre\/soins-energetiques\/\">Retour<\/a><\/p>\n\n\n\n<p><\/p>\n","protected":false},"excerpt":{"rendered":"<p>Form\u00e9 aupr\u00e8s du laboratoire NUTERGIA \u00e0 la Nutrition Cellulaire Active\u00ae, je vous propose de r\u00e9aliser un bilan cellulaire et nutrionnel afin de d\u00e9terminer les \u00e9ventuels d\u00e9s\u00e9quilibres dans votre corps. Ce bilan est enti\u00e8rement gratuit et ne vous engage \u00e0 rien. De mon c\u00f4t\u00e9 je tiens \u00e0 pr\u00e9ciser que je n&rsquo;ai aucun int\u00e9r\u00eat financier avec le [&hellip;]<\/p>\n","protected":false},"author":1,"featured_media":0,"parent":0,"menu_order":0,"comment_status":"closed","ping_status":"closed","template":"","meta":{"om_disable_all_campaigns":false,"_monsterinsights_skip_tracking":false,"_monsterinsights_sitenote_active":false,"_monsterinsights_sitenote_note":"","_monsterinsights_sitenote_category":0,"_uf_show_specific_survey":0,"_uf_disable_surveys":false,"footnotes":""},"class_list":["post-577","page","type-page","status-publish","hentry"],"aioseo_notices":[],"_links":{"self":[{"href":"https:\/\/philgoodnrj.com\/index.php\/wp-json\/wp\/v2\/pages\/577","targetHints":{"allow":["GET"]}}],"collection":[{"href":"https:\/\/philgoodnrj.com\/index.php\/wp-json\/wp\/v2\/pages"}],"about":[{"href":"https:\/\/philgoodnrj.com\/index.php\/wp-json\/wp\/v2\/types\/page"}],"author":[{"embeddable":true,"href":"https:\/\/philgoodnrj.com\/index.php\/wp-json\/wp\/v2\/users\/1"}],"replies":[{"embeddable":true,"href":"https:\/\/philgoodnrj.com\/index.php\/wp-json\/wp\/v2\/comments?post=577"}],"version-history":[{"count":6,"href":"https:\/\/philgoodnrj.com\/index.php\/wp-json\/wp\/v2\/pages\/577\/revisions"}],"predecessor-version":[{"id":859,"href":"https:\/\/philgoodnrj.com\/index.php\/wp-json\/wp\/v2\/pages\/577\/revisions\/859"}],"wp:attachment":[{"href":"https:\/\/philgoodnrj.com\/index.php\/wp-json\/wp\/v2\/media?parent=577"}],"curies":[{"name":"wp","href":"https:\/\/api.w.org\/{rel}","templated":true}]}}